on divisor of 417 and 51829347.
417
What is the greatest common divisor of 28888391 and 12397?
1127
What is the greatest common divisor of 466 and 4382264?
466
Calculate the greatest common divisor of 20958500 and 64500.
500
Calculate the highest common divisor of 120 and 125522880.
120
Calculate the greatest common factor of 4420 and 22629295.
1105
What is the highest common factor of 128 and 497368?
8
What is the greatest common divisor of 860 and 13785?
5
What is the highest common divisor of 58 and 1741015?
29
Calculate the highest common factor of 15283 and 510632.
899
What is the highest common factor of 37810 and 3621020?
190
What is the greatest common divisor of 303430 and 10450?
190
Calculate the highest common divisor of 7274616 and 610.
122
Calculate the greatest common factor of 869 and 4254833.
11
Calculate the greatest common factor of 12 and 45013988.
4
Calculate the greatest common divisor of 863437 and 6157.
47
What is the greatest common factor of 4156782 and 52668?
798
Calculate the highest common factor of 1342 and 11266334.
122
Calculate the highest common factor of 398662338 and 6.
6
Calculate the highest common factor of 416754 and 12741.
411
What is the greatest common factor of 21 and 40575?
3
Calculate the highest common factor of 5034760 and 21010.
1910
What is the greatest common divisor of 9464 and 41704?
104
What is the highest common factor of 129001896 and 198?
18
Calculate the greatest common factor of 161733 and 2313069.
957
Calculate the highest common divisor of 48372 and 488244.
348
Calculate the greatest common factor of 168403865 and 2525.
505
Calculate the greatest common factor of 29382675 and 700.
175
What is the greatest common divisor of 5842173 and 75?
3
Calculate the greatest common divisor of 2584 and 58222365.
323
What is the highest common divisor of 46986 and 7681638?
1146
What is the highest common divisor of 37315840 and 20?
20
What is the highest common factor of 548240 and 35740320?
6160
What is the highest common divisor of 5440 and 2599776?
544
What is the greatest common factor of 6828 and 35937?
3
What is the greatest common factor of 3744 and 630513?
117
Calculate the highest common divisor of 80 and 3480736.
16
What is the greatest common divisor of 22786400 and 13?
13
Calculate the greatest common factor of 126447778 and 86.
86
Calculate the greatest common factor of 13731958 and 148.
74
What is the highest common factor of 1785 and 11912495?
595
Calculate the greatest common factor of 34370205 and 120.
15
Calculate the highest common divisor of 51916184 and 3568.
1784
What is the highest common factor of 5944 and 19251130?
1486
What is the greatest common factor of 142792 and 3532?
4
What is the highest common divisor of 23 and 18149323?
23
Calculate the greatest common factor of 1003927423 and 58.
29
What is the greatest common divisor of 71219041 and 145?
29
What is the greatest common divisor of 1197355 and 214625?
505
Calculate the greatest common factor of 609045 and 4560.
285
What is the highest common divisor of 101078351 and 33?
11
What is the highest common divisor of 163 and 1444599073?
163
What is the highest common divisor of 723115 and 15805?
145
Calculate the greatest common divisor of 5022589 and 772603.
1339
Calculate the greatest common factor of 973 and 21002344.
139
What is the highest common factor of 31 and 83813?
1
What is the highest common divisor of 347113965 and 1356?
339
Calculate the highest common divisor of 16953629 and 385.
77
What is the highest common divisor of 28931 and 3045?
7
Calculate the highest common divisor of 1092058 and 946.
22
Calculate the highest common divisor of 534315 and 461283.
537
Calculate the greatest common factor of 43558 and 1692754.
1502
Calculate the greatest common factor of 1922 and 35335009.
961
Calculate the highest common divisor of 7855851 and 3.
3
Calculate the greatest common factor of 249079946 and 177.
59
What is the highest common factor of 98 and 338775955?
49
Calculate the greatest common factor of 992 and 1011282.
62
Calculate the highest common divisor of 108797256 and 360.
72
Calculate the highest common divisor of 50 and 16127875.
25
What is the highest common factor of 24515003 and 17?
17
Calculate the highest common divisor of 202 and 8836894.
202
Calculate the greatest common divisor of 2335581 and 552.
69
What is the highest common factor of 3564 and 2083576?
44
What is the highest common factor of 37563050 and 35?
35
Calculate the greatest common factor of 506958 and 2166.
114
Calculate the greatest common divisor of 59 and 19121.
1
What is the highest common factor of 1507070 and 5510?
10
Calculate the highest common factor of 1274 and 668213.
637
What is the greatest common divisor of 1742 and 35487153?
871
Calculate the greatest common divisor of 10076937 and 1989.
663
What is the greatest common factor of 4 and 2348332?
4
What is the highest common factor of 1015 and 5707345?
1015
Calculate the greatest common divisor of 511813 and 20971.
67
What is the highest common factor of 148573726 and 28?
14
What is the highest common divisor of 83008 and 8672?
32
Calculate the greatest common divisor of 205944 and 70584.
24
Calculate the greatest common factor of 44500 and 551355.
445
Calculate the highest common factor of 258408 and 23580.
36
Calculate the greatest common divisor of 89154 and 121446.
702
What is the greatest common factor of 1190 and 448014770?
1190
What is the highest common factor of 2045552 and 96?
16
What is the highest common divisor of 1328 and 366129102?
166
What is the highest common divisor of 14 and 87801882?
14
What is the highest common factor of 2660070 and 12790?
10
What is the greatest common factor of 2388012 and 864017?
2519
What is the highest common divisor of 4500 and 96819500?
500
What is the highest common factor of 4407 and 48813401?
1469
Calculate the highest common factor of 8507560 and 8480.
2120
Calculate the highest common factor of 119 and 11094047.
17
What is the greatest common factor of 1261 and 43280042?
1261
What is the greatest common factor of 8857 and 4271?
1
Calculate the greatest common factor of 544 and 1673097568.
544
What is the greatest common divisor of 203511054 and 1490?
298
What is the greatest common factor of 502384515 and 75?
15
Calculate the greatest common divisor of 126616 and 69265616.
6664
Calculate the highest common divisor of 17688 and 86262.
66
Calculate the highest common factor of 45068478 and 28.
14
Calculate the highest common divisor of 3382828 and 5248.
164
What is the highest common divisor of 24481 and 167?
1
What is the highest common divisor of 24 and 21041772?
12
Calculate the greatest common divisor of 1300 and 230975.
25
What is the highest common factor of 230388 and 18688?
292
Calculate the greatest common factor of 135256640 and 14195.
835
What is the highest common divisor of 29610 and 15064?
14
Calculate the highest common divisor of 2182095 and 36495.
45
What is the greatest common divisor of 6069576 and 906?
6
What is the greatest common divisor of 765 and 4250313?
9
What is the highest common factor of 2815384 and 1518?
506
What is the highest common divisor of 16823230 and 94540?
1630
Calculate the highest common factor of 2074 and 10772356.
2074
Calculate the greatest common factor of 21976 and 27571639.
2747
Calculate the highest common divisor of 80976 and 24168.
24
Calculate the highest common factor of 1782307 and 5068.
181
What is the highest common divisor of 4694518122 and 1722?
1722
What is the highest common factor of 2 and 568819926?
2
What is the highest common divisor of 7697300 and 1500?
100
Calculate the highest common divisor of 15744 and 574629760.
5248
What is the greatest common divisor of 313776 and 18792?
72
What is the highest common divisor of 35671293 and 399?
21
What is the highest common factor of 320 and 1835968?
64
What is the highest common factor of 5230208 and 3008?
64
Calculate the greatest common factor of 9396 and 58552740.
3132
Calculate the highest common factor of 71 and 2853313494.
71
Calculate the highest common divisor of 304 and 759700.
4
What is the greatest common divisor of 5190026 and 9096?
758
Calculate the greatest common divisor of 37271 and 49790.
13
Calcu